 the greatest common factor of 556 and 36.
4
Calculate the greatest common factor of 40 and 70.
10
What is the highest common divisor of 72 and 27?
9
Calculate the greatest common divisor of 60 and 69780.
60
What is the highest common factor of 132 and 495?
33
What is the highest common factor of 63 and 84?
21
What is the highest common divisor of 1230 and 30?
30
What is the greatest common factor of 124 and 155?
31
What is the greatest common factor of 960 and 60?
60
Calculate the greatest common divisor of 27 and 207.
9
Calculate the greatest common factor of 340 and 50.
10
Calculate the greatest common divisor of 756 and 105.
21
Calculate the highest common divisor of 86 and 1247.
43
Calculate the highest common divisor of 259 and 112.
7
Calculate the greatest common factor of 5612 and 276.
92
What is the greatest common factor of 250 and 10?
10
Calculate the greatest common factor of 78 and 247.
13
What is the highest common divisor of 3428 and 4?
4
What is the greatest common factor of 36 and 414?
18
What is the greatest common divisor of 715 and 5135?
65
Calculate the highest common divisor of 3233 and 212.
53
What is the highest common factor of 950 and 6270?
190
What is the highest common factor of 3392 and 106?
106
What is the greatest common divisor of 632 and 16?
8
Calculate the highest common divisor of 320 and 120.
40
What is the highest common factor of 23 and 38042?
23
What is the greatest common divisor of 792 and 864?
72
Calculate the greatest common factor of 8 and 92.
4
Calculate the highest common divisor of 65 and 91.
13
What is the highest common divisor of 123 and 3?
3
What is the greatest common factor of 65 and 26?
13
What is the highest common factor of 3 and 7?
1
Calculate the greatest common divisor of 20 and 295.
5
What is the greatest common factor of 209 and 77957?
209
Calculate the highest common factor of 3419 and 13.
13
What is the highest common factor of 230 and 4485?
115
What is the greatest common factor of 116 and 406?
58
What is the greatest common factor of 12 and 2916?
12
What is the highest common divisor of 182 and 126?
14
What is the highest common factor of 272 and 136?
136
Calculate the highest common divisor of 498 and 36.
6
Calculate the highest common factor of 221 and 2.
1
What is the highest common factor of 183 and 1525?
61
What is the greatest common factor of 8 and 404?
4
Calculate the greatest common factor of 329 and 1222.
47
What is the greatest common factor of 140 and 800?
20
What is the highest common factor of 220 and 6644?
44
Calculate the highest common factor of 285 and 10830.
285
Calculate the greatest common divisor of 8854 and 38.
38
What is the greatest common divisor of 1406 and 38?
38
What is the greatest common factor of 4717 and 106?
53
Calculate the greatest common divisor of 1200 and 10.
10
Calculate the greatest common factor of 85 and 80.
5
What is the greatest common divisor of 95 and 10?
5
What is the highest common factor of 18564 and 34?
34
What is the highest common divisor of 120 and 14670?
30
Calculate the highest common divisor of 7254 and 1170.
234
What is the highest common divisor of 1421 and 49?
49
What is the greatest common divisor of 126 and 665?
7
Calculate the greatest common divisor of 564 and 12.
12
What is the greatest common factor of 21306 and 268?
134
Calculate the greatest common divisor of 6 and 192.
6
What is the highest common factor of 204 and 444?
12
Calculate the greatest common divisor of 108 and 288.
36
Calculate the highest common factor of 36 and 804.
12
Calculate the highest common divisor of 33 and 55.
11
Calculate the greatest common factor of 23 and 3841.
23
Calculate the greatest common factor of 98418 and 282.
282
Calculate the greatest common factor of 416 and 16016.
208
What is the highest common factor of 190 and 10?
10
What is the greatest common divisor of 164 and 5986?
82
What is the highest common factor of 6 and 4458?
6
Calculate the highest common factor of 40 and 23880.
40
Calculate the highest common divisor of 432 and 208.
16
Calculate the greatest common factor of 3 and 411.
3
Calculate the greatest common divisor of 20 and 32.
4
What is the greatest common divisor of 405 and 1539?
81
What is the greatest common factor of 196 and 343?
49
Calculate the highest common factor of 351 and 26.
13
Calculate the highest common divisor of 575 and 250.
25
What is the highest common factor of 468 and 208?
52
What is the highest common divisor of 4640 and 8990?
290
Calculate the greatest common divisor of 1830 and 15.
15
What is the greatest common divisor of 560 and 3136?
112
What is the greatest common factor of 4 and 75?
1
Calculate the greatest common factor of 78 and 104.
26
What is the greatest common divisor of 110 and 22?
22
Calculate the greatest common divisor of 408 and 36.
12
Calculate the greatest common factor of 150 and 3200.
50
Calculate the greatest common factor of 7009 and 43.
43
Calculate the highest common factor of 70 and 4634.
14
What is the highest common divisor of 10 and 235?
5
What is the highest common factor of 54 and 96?
6
Calculate the greatest common divisor of 4734 and 18.
18
What is the greatest common divisor of 402 and 30?
6
Calculate the greatest common divisor of 110 and 8690.
110
Calculate the highest common divisor of 18 and 894.
6
What is the highest common factor of 3721 and 61?
61
Calculate the highest common factor of 792 and 176.
88
What is the highest common divisor of 1340 and 60?
20
What is the highest common divisor of 2585 and 235?
235
What is the greatest common divisor of 2 and 32?
2
What is the highest common divisor of 275 and 165?
55
What is the greatest common divisor of 43 and 387?
43
What is the greatest common divisor of 301 and 154?
7
What is the highest common factor of 13644 and 48?
12
What is the greatest common divisor of 244 and 4?
4
Calculate the greatest common divisor of 189 and 27.
27
Calculate the highest common factor of 4 and 22232.
4
What is the highest common factor of 640 and 608?
32
What is the greatest common factor of 1722 and 378?
42
Calculate the highest common divisor of 69 and 46.
23
What is the highest common factor of 65 and 25?
5
What is the greatest common divisor of 18 and 2511?
9
What is the greatest common factor of 220 and 100?
20
What is the greatest common factor of 423 and 18?
9
What is the greatest common factor of 395 and 1659?
79
Calculate the greatest common factor of 448 and 48.
16
Calculate the greatest common divisor of 414 and 552.
138
Calculate the highest common factor of 211 and 37.
1
Calculate the highest common factor of 2198 and 14.
14
What is the greatest common divisor of 4 and 332?
4
What is the greatest common factor of 20 and 148?
4
What is the greatest common factor of 33 and 77?
11
Calculate the greatest common factor of 45 and 54.
9
What is the greatest common factor of 996 and 12?
12
What is the greatest common divisor of 49024 and 128?
128
Calculate the highest common factor of 327 and 3.
3
What is the greatest common divisor of 30708 and 9?
9
What is the highest common factor of 26666 and 199?
199
What is the highest common factor of 351 and 1313?
13
What is the greatest common factor of 208 and 650?
26
What is the highest common factor of 148 and 76?
4
What is the greatest common factor of 6 and 1362?
6
What is the greatest common factor of 403 and 884?
13
What is the greatest common divisor of 42 and 294?
42
Calculate the highest common factor of 453 and 3020.
151
Calculate the highest common divisor of 3 and 25.
1
Calculate the greatest common factor of 7959 and 21.
21
Calculate the highest common divisor of 25587 and 27.
9
What is the highest common factor of 532 and 57?
19
Calculate the greatest common factor of 10 and 490.
10
What is the greatest common divisor of 13331 and 1?
1
Calculate the greatest common divisor of 17 and 187.
17
What is the highest common divisor of 441 and 504?
63
Calculate the greatest common divisor of 72377 and 314.
157
Calculate the greatest common divisor of 1332 and 48.
12
What is the highest common divisor of 322 and 84?
14
What is the highest common divisor of 8760 and 180?
60
Calculate the highest common divisor of 1032 and 216.
24
Calculate the greatest common divisor 